sor of n and f.
12
Suppose -3*x = -x - 4. Suppose x*m = -m + 36. Calculate the highest common factor of m and 60.
12
Let q = 13 + 1. Let d = 18 + q. Let g be (-17)/(-2) + 2/(-4). Calculate the greatest common factor of d and g.
8
Suppose -2 = -2*v, 0*v = -3*f - 2*v + 38. What is the highest common divisor of 96 and f?
12
Suppose -3*w + 2*w - 3 = -y, w = -2*y - 6. Let d be (-2)/w - (-335)/10. Calculate the highest common divisor of 51 and d.
17
Suppose -v + 3 + 7 = 0. Calculate the greatest common factor of 30 and v.
10
Let r(c) = 2*c**3 - c**2 - 3*c - 4. Let n be r(4). Calculate the greatest common factor of 24 and n.
24
Suppose -6*m = -12*m + 54. Calculate the highest common factor of m and 18.
9
Let w = -18 - -33. What is the highest common factor of w and 165?
15
Let t be ((-40)/25)/(2/(-5)). Suppose 2*g = -3*g + 20. Suppose 5*m = 3*v + 20, 4 = g*m - 3*m + 2*v. What is the greatest common factor of t and m?
4
Suppose 16 = 4*f, 0 = k - f + 6*f - 252. Suppose 5*w + k = 862. Calculate the highest common divisor of w and 14.
14
Suppose -154 - 326 = -3*w. What is the greatest common factor of w and 40?
40
Let f be (-1 + -2)/(18/12). Let y be (1 + -6)*(1 + f). Suppose -2*q = -2*j - 3*q + 8, -5*j = -y*q - 50. What is the greatest common divisor of j and 2?
2
Let q = 4 + 4. Calculate the highest common divisor of 64 and q.
8
Suppose -3*o = 5*h - 47, 4*h - o + 4*o - 40 = 0. Let k = h - 4. Suppose d = 8 + k. Calculate the highest common factor of d and 55.
11
Let l = -5 - -4. Let v(u) = 23*u**2 - 1. Let w be v(l). What is the greatest common divisor of 11 and w?
11
Suppose -40 = -a - 4*a. Let u(z) = z**3 + 8*z**2 + 7*z + 8. Let n be u(-7). Calculate the highest common factor of a and n.
8
Suppose -75 = -3*z + 15. What is the greatest common divisor of z and 15?
15
Let l = -848 - -401. Let j = 851 + l. Suppose 0 = -5*b + 1034 - j. What is the greatest common factor of 14 and b?
14
Let k be (4 - -2 - 2)*-1. Let z be 3228/(-9) - k/6. Let t be z/(-6) - 5/(-15). Calculate the highest common divisor of 12 and t.
12
Let n = 209 + -56. What is the greatest common divisor of 17 and n?
17
Let p = 35 - 31. Let d = 25 - 5. What is the highest common factor of p and d?
4
Suppose z + 75 = 6*z. Suppose 0 = -2*v + 1 + 29. What is the greatest common divisor of z and v?
15
Let l(f) = -7*f - 1. Let p be l(-3). Let t(h) = h**2 + 2*h - 3. Let b be t(-4). What is the greatest common factor of p and b?
5
Suppose i - 42 = 3*i. Let t = i + 33. Suppose -5*c - d + 22 = 0, 5*c - 4*d - t = -0*c. What is the greatest common factor of c and 20?
4
Let l be 2/(-6) + (-26)/(-6). Suppose l*x + 5*n - 6 = 13, -x + 9 = -3*n. Calculate the greatest common divisor of x and 2.
2
Let z(d) = 4*d + 4. Let l be z(3). Suppose 2*k + 9 = 21. Let r be (36/l)/(k/16). What is the highest common factor of 15 and r?
3
Suppose 0*c = -l - c, 3*l = -2*c. Let g be 4/6*(9 + l). Suppose 4*b + 26 = g*b. What is the greatest common divisor of b and 13?
13
Let y = -29 + 32. Calculate the greatest common factor of 1 and y.
1
Let c(i) = i**3 + 2*i**2 + 2. Let s be c(2). Let v be -2*(6/3 + -83). Calculate the greatest common divisor of s and v.
18
Let x(f) = 17*f - 4. Let l(c) = 35*c - 8. Let m(a) = -4*l(a) + 9*x(a). Let y be m(4). Calculate the greatest common divisor of 32 and y.
16
Suppose 4*x = 4*v + 2 + 10, x + 2*v = 3. Let u(l) = 4 - l + x - 4. Let q be u(-8). What is the greatest common divisor of q and 121?
11
Suppose -3*i = -f - 105, -2*i + 4*i = -3*f + 81. Calculate the highest common divisor of i and 90.
18
Suppose o - 14 = 12. Let y be (12/15)/((-1)/(-5)). Suppose 195 = y*c + c. Calculate the highest common divisor of c and o.
13
Suppose -5*w + 0 = -120. Let x be (1 - (-1)/2)*24. What is the greatest common factor of w and x?
12
Suppose -390 = -2*c - 84. Calculate the highest common divisor of c and 17.
17
Suppose -4*v + 94 = 2. What is the highest common factor of 253 and v?
23
Let g(w) = 0*w - 6*w - w - 1. Let l(d) = -15*d - 3. Let q(n) = -13*g(n) + 6*l(n). Let b be q(8). What is the highest common divisor of 1 and b?
1
Let d(o) = 14*o**2 + 4*o + 3. Let u be d(-2). Let x be 1/(1/(-4)) + 38. Calculate the greatest common factor of u and x.
17
Let n be (-12)/((21/4)/(-7)) - 0. Calculate the greatest common factor of 32 and n.
16
Let z(w) = w**2 + 3*w + 40. Let y be z(0). Let a = 12 + -4. What is the greatest common factor of a and y?
8
Suppose 6*q - 26 = 4*q. Let w = 307 + -44. Let p = w + -159. Calculate the highest common divisor of p and q.
13
Let m = 15 - -4. Suppose 0 = 5*v - 6 - m. Suppose v*i + 250 = 3*u + u, 0 = u - i - 63. What is the highest common factor of 13 and u?
13
Let d(m) = -17*m + 52. Let n be d(-6). Let k be (30/(-2) + 1)*-1. What is the greatest common factor of k and n?
14
Let v = 189 + -78. Calculate the greatest common factor of 74 and v.
37
Let f(d) = -d**2 + 12*d + 6. Let s be f(9). Calculate the greatest common divisor of s and 363.
33
Suppose -2*p = 3 - 7. Suppose -r - 6 = -b - 0*r, -p*b - r - 3 = 0. What is the highest common factor of b and 8?
1
Suppose 0 = -3*q - 2*q. Suppose q = k + 7 - 20. What is the highest common factor of k and 104?
13
Suppose 36 = b - 4. Calculate the greatest common divisor of 8 and b.
8
Suppose 205 = 2*l + 4*s + 17, 2*l - 5*s - 233 = 0. Let c be (-13)/6*-2*3. Calculate the highest common divisor of l and c.
13
Let p be (1/1 - -10)*1. Suppose 181 = 4*n - 151. Let i = n - 6. Calculate the greatest common divisor of p and i.
11
Let w = -455 + 874. Suppose 0 = -2*t - 2*n + 169 - 5, 0 = -5*t - 2*n + w. Let z be (0 - 1) + (-18)/(-1). What is the highest common factor of z and t?
17
Let s = 2 - 3. Let r be -12*s*1/3. What is the highest common divisor of r and 4?
4
Suppose 11*b - 82 = 534. What is the highest common divisor of 7 and b?
7
Let h = 1554 - 720. Suppose h = 5*s - 3*z, -z - 100 = -4*s + 570. Let t(l) = 22*l**2 - 1. Let v be t(1). What is the highest common factor of s and v?
21
Let v(m) = -m**3 + 14*m**2 - 11*m - 22. Let g be v(13). Let t = 0 + 4. Let j be 39/t - (-1)/4. What is the highest common divisor of g and j?
2
Let d = 9 - 0. Let n = d + -6. Calculate the greatest common factor of n and 3.
3
Suppose 0*u + 3*u - 9 = 0. Suppose -u = -4*p + 3*p. Let q be -6*2*9/(-12). What is the highest common divisor of p and q?
3
Let h be (40/(-25))/((-4)/70). Calculate the highest common factor of 196 and h.
28
Let q = 14 + -20. Let r be 59/3 - 2/q. Calculate the highest common divisor of 40 and r.
20
Let a(r) = r + 4. Let t be a(-4). Suppose y + t*y = 54. Let q be 23/4 - (-2)/8. What is the greatest common divisor of y and q?
6
Let a = 36 + 51. Calculate the highest common factor of a and 58.
29
Let q be (-459)/(-15) + (-2)/(-5). Suppose -q - 41 = -2*h. Let n be (-8)/(3/(9/(-6))). Calculate the highest common factor of n and h.
4
Let k = -18 + 27. Suppose f + 2*f = 3*r - 33, 2*r + 3*f = -3. Let v be (-187)/(-3) + r/k. Calculate the greatest common divisor of 7 and v.
7
Suppose 2*x = 5*m - 74, 2*x = -2*x + 12. Calculate the greatest common divisor of m and 112.
16
Suppose -3*w + 9 = -h, 5*w - 5*h = 2 + 3. Suppose -96 = -2*x + 4*b, 6*b - b = -3*x + 122. Calculate the greatest common factor of x and w.
4
Let p be 5 + (-5 - -1) + 13. What is the highest common factor of 28 and p?
14
Let l = 34 - -17. Let z(k) = 32*k**2 - k - 1. Let b be z(-1). Let g = l - b. Calculate the highest common factor of g and 19.
19
Let s be 157 - 4/(-6)*81/(-18). Calculate the highest common factor of 14 and s.
14
Suppose -4*h = -8 - 0. Suppose 5*r - 150 = h*r. Suppose -2*d = 3*o - 32 - 3, 2*d + 2*o - 30 = 0. Calculate the greatest common divisor of r and d.
10
Suppose -267 = -5*c - 3*f - f, 0 = -c + f + 57. Suppose 0 = 2*n + 4*q - 28, 0 = 3*n - 5*q - 9 - 77. What is the highest common divisor of c and n?
11
Let f = 81 + -55. Suppose -5*t = 2*u - 95 + f, -3*u = 5*t - 71. Calculate the highest common factor of t and 91.
13
Suppose 0 = -2*l + 5*s + 39 - 14, -5*l + s = -51. What is the greatest common divisor of l and 40?
10
Let v be (2 - (-39)/(-15))*-35. Suppose -3*t + 9 + v = 0. What is the highest common factor of 10 and t?
10
Let c = 75 + -45. What is the highest common divisor of c and 20?
10
Let j(s) = s**2 + 5*s + 18. Let d be j(-6). Calculate the greatest common f